?
10
-107 (base 8) to base 16
-47
Convert 4c (base 14) to base 15.
48
What is a4 (base 14) in base 5?
1034
Convert 2 (base 16) to base 10.
2
-1 (base 4) to base 12
-1
7 (base 11) to base 5
12
-1 (base 8) to base 14
-1
-4 (base 11) to base 6
-4
Convert -137 (base 9) to base 4.
-1303
What is 287 (base 10) in base 11?
241
Convert -1000 (base 2) to base 12.
-8
Convert 0 (base 8) to base 12.
0
Convert -201 (base 3) to base 10.
-19
Convert -7 (base 15) to base 8.
-7
Convert 0 (base 14) to base 10.
0
What is 127 (base 9) in base 11?
97
-434 (base 5) to base 12
-9b
What is -132 (base 13) in base 7?
-420
Convert -4 (base 12) to base 5.
-4
-17 (base 15) to base 4
-112
20 (base 5) to base 15
a
22 (base 3) to base 14
8
Convert 7 (base 8) to base 16.
7
What is 28 (base 16) in base 13?
31
59 (base 14) to base 15
54
What is -101010001 (base 2) in base 14?
-1a1
-15 (base 8) to base 7
-16
Convert 127 (base 8) to base 3.
10020
What is 8b (base 14) in base 13?
96
What is 135 (base 10) in base 16?
87
Convert -1 (base 3) to base 12.
-1
Convert -220 (base 3) to base 9.
-26
Convert -22 (base 11) to base 4.
-120
0 (base 13) to base 9
0
Convert 2 (base 14) to base 13.
2
Convert 1 (base 8) to base 3.
1
What is 2 (base 14) in base 15?
2
10 (base 2) to base 7
2
What is -3 (base 11) in base 6?
-3
What is -12 (base 4) in base 2?
-110
21 (base 8) to base 15
12
What is 1 (base 9) in base 3?
1
What is 29 (base 12) in base 10?
33
112 (base 4) to base 7
31
4 (base 5) to base 7
4
2231 (base 5) to base 2
100111100
Convert -282 (base 10) to base 14.
-162
b (base 14) to base 15
b
What is 3 (base 6) in base 10?
3
What is 1c5 (base 14) in base 13?
225
9a (base 11) to base 16
6d
Convert 3 (base 16) to base 8.
3
Convert 150 (base 10) to base 11.
127
What is 3 (base 12) in base 2?
11
What is 6 (base 9) in base 12?
6
What is -301 (base 5) in base 11?
-6a
What is 103 (base 14) in base 7?
403
-214 (base 5) to base 4
-323
What is -213 (base 6) in base 14?
-5b
What is 27 (base 10) in base 8?
33
Convert -34 (base 14) to base 5.
-141
What is 7 (base 10) in base 9?
7
What is 32 (base 6) in base 7?
26
163 (base 9) to base 6
350
Convert 1 (base 7) to base 14.
1
-165 (base 8) to base 14
-85
-8 (base 16) to base 5
-13
Convert -19 (base 12) to base 6.
-33
What is -53 (base 7) in base 4?
-212
Convert 6 (base 13) to base 5.
11
351 (base 7) to base 4
2313
What is -10011000 (base 2) in base 13?
-b9
Convert -11 (base 6) to base 2.
-111
Convert -125 (base 12) to base 13.
-104
What is 3 (base 16) in base 7?
3
What is -10 (base 2) in base 6?
-2
What is 245 (base 13) in base 14?
203
Convert 1d (base 16) to base 10.
29
Convert 9f (base 16) to base 14.
b5
What is 30 (base 4) in base 8?
14
Convert 20 (base 8) to base 4.
100
1 (base 3) to base 14
1
Convert -4c (base 15) to base 13.
-57
Convert -42 (base 13) to base 9.
-60
-2 (base 15) to base 5
-2
16 (base 10) to base 13
13
Convert -1 (base 5) to base 2.
-1
44 (base 5) to base 15
19
Convert 1 (base 8) to base 2.
1
-1 (base 10) to base 13
-1
Convert -11 (base 4) to base 10.
-5
446 (base 9) to base 8
556
Convert -10 (base 3) to base 10.
-3
Convert -4 (base 5) to base 2.
-100
Convert -1222 (base 3) to base 9.
-58
Convert -2 (base 16) to base 9.
-2
-33 (base 5) to base 13
-15
-197 (base 12) to base 2
-100000011
Convert 110010 (base 2) to base 14.
38
-7a (base 12) to base 10
-94
What is 1 (base 14) in base 3?
1
435 (base 7) to base 12
166
What is -24 (base 10) in base 12?
-20
What is 4 (base 5) in base 11?
4
Convert 79 (base 10) to base 16.
4f
What is -2 (base 5) in base 12?
-2
-6 (base 9) to base 13
-6
-16 (base 9) to base 10
-15
Convert -16 (base 12) to base 16.
-12
160 (base 10) to base 11
136
Convert 4 (base 7) to base 9.
4
16 (base 10) to base 16
10
-3 (base 12) to base 4
-3
What is 1 (base 12) in base 2?
1
What is 1112 (base 3) in base 9?
45
-2 (base 6) to base 8
-2
Convert 22 (base 13) to base 15.
1d
Convert 6 (base 12) to base 7.
6
What is 62 (base 11) in base 2?
1000100
What is -3e (base 15) in base 2?
-111011
Convert -8 (base 15) to base 4.
-20
What is 111 (base 2) in base 15?
7
What is -1 (base 3) in base 16?
-1
Convert 16 (base 14) to base 3.
202
What is 2 (base 15) in base 7?
2
110010 (base 2) to base 5
200
300 (base 6) to base 7
213
What is 11 (base 13) in base 3?
112
What is 61 (base 7) in base 8?
53
4 (base 15) to base 7
4
What is -120 (base 4) in base 16?
-18
What is -11 (base 5) in base 4?
-12
What is 9a (base 11) in base 13?
85
Convert -20 (base 10) to base 13.
-17
What is -10 (base 16) in base 3?
-121
-28 (base 15) to base 10
-38
What is 2 (base 14) in base 10?
2
Convert 100111100 (base 2) to base 11.
268
-7 (base 16) to base 9
-7
Convert 11 (base 5) to base 6.
10
-1 (base 6) to base 3
-1
What is -3 (base 8) in base 2?
-11
Convert -21011 (base 3) to base 6.
-521
Convert -11001 (base 2) to base 11.
-23
What is 7 (base 10) in base 16?
7
Convert -1 (base 6) to base 12.
-1
What is 120 (base 3) in base 4?
33
Convert 10 (base 12) to base 14.
c
What is 10 (base 9) in base 14?
9
103 (base 8) to base 14
4b
21 (base 8) to base 12
15
What is 1 (base 13) in base 7?
1
What is -3 (base 14) in base 13?
-3
Convert -532 (base 6) to base 13.
-125
-101 (base 3) to base 11
-a
0 (base 13) to base 9
0
What is 22 (base 7) in base 2?
10000
What is -6 (base 11) in base 14?
-6
c (base 15) to base 2
1100
What is -8 (base 9) in base 3?
-22
What is 86 (base 13) in base 2?
1101110
What is -1 (base 16) in base 2?
-1
-10 (base 12) to base 6
-20
Convert -6 (base 8) to base 3.
-20
Convert 76 (base 16) to base 5.
433
-2 (base 4) to base 12
-2
What is 11001 (base 2) in base 12?
21
What is -130 (base 9) in base 16?
-6c
Convert 200 (base 3) to base 14.
14
1 (base 2) to base 8
1
What is 1024 (base 5) in base 12?
b7
Convert 90 (base 12) to base 16.
6c
What is -2 (base 5) in base 11?
-2
1 (base 10) to base 11
1
Convert -3 (base 7) to base 2.
-11
What is 301 (base 9) in base 12?
184
-37 (base 11) to base 13
-31
18 (base 15) to base 8
27
Convert 2 (base 9) to base 10.
2
Convert a (base 11) to base 9.
11
Convert 101 (base 2) to base 14.
5
202 (base 3) to base 11
19
What is -223 (base 4) in base 8?
-53
-14 (base 6) to base 4
-22
Convert 0 (base 2) to base 11.
0
0 (base 8) to base 15
0
Convert -14 (base 12) to base 14.
-12
What is -11011100 (base 2) in base 7?
-433
Convert 1 (base 7) to base 6.
1
-21 (base 7) to base 8
-17
2 (base 16) to base 9
2
Convert -2 (base 7) to base 2.
-10
What is 48 (base 10) in base 3?
1210
What is 45 (base 16) in base 3?
2120
What is -1 (base 7) in base 13?
-1
7 (base 10) to base 8
7
What is 16 (base 9) in base 13?
12
What is 8a (base 14) in base 15?
82
4 (base 6) to base 14
4
Convert 13 (base 12) to base 11.
14
What is 2020 (base 3) in base 6?
140
What is -7 (base 8) in base 9?
-7
Convert 1 (base 6) to base 14.
1
What is -a (base 12) in base 6?
-14
What is 6 (base 13) in base 8?
6
What is -11 (base 2) in base 8?
-3
What is -3 (base 12) in base 9?
-3
212 (base 6) to base 3
2222
Convert -2 (base 15) to base 4.
-2
What is 101 (base 5) in base 12?
22
6 (base 7) to base 16
6
4 (base 12) to base 13
4
-8 (base 14) to base 13
-8
102 (base 4) to base 16
12
What is 32 (base 4) in base 12?
12
Convert 2 (base 9) to base 13.
2
What is -113 (base 4) in base 12?
-1b
Convert -10 (base 3) to base 7.
-3
-d (base 16) to base 8
-15
What is 11 (base 11) in base 6?
20
101011 (base 2) to base 8
53
What is -2 (base 10) in base 13?
-2
Convert 5 (base 8) to base 9.
5
200 (base 6) to base 13
57
What is -2 (base 13) in base 7?
-2
Convert -5 (base 11) to base 6.
-5
Convert -6 (base 13) to base 12.
-6
Convert 21 (base 7) to base 13.
12
-53 (base 10) to base 11
-49
What is 33 (base 16) in base 2?
110011
Convert 0 (base 16) to base 8.
0
9 (base 15) to base 3
100
What is 2 (base 11) in base 16?
2
Convert -30 (base 9) to base 10.
-27
a (base 11) to base 10
10
What is 6 (base 10) in base 6?
10
Convert -11 (base 2) to base 14.
-3
What is 1c (base 13) in base 15?
1a
What is 1 (base 4) in base 7?
1
230 (base 9) to base 8
275
170 (base 9) to base 2
10010000
What is 248 (base 9) in base 12?
152
1 (base 6) to base 3
1
What is 3 (base 15) in base 11?
3
Convert -72 (base 10) to base 11.
-66
Convert -1 (base 12) to base 10.
-1
What is 3 (base 6) in base 4?
3
31 (base 5) to base 2
10000
What is 0 (base 